 composite number?
True
Is 346 composite?
True
Is 3839 a composite number?
True
Is 16333 prime?
True
Is 732289 prime?
False
Is 40063 composite?
False
Is 15251 a composite number?
True
Is 107609 prime?
True
Is 84713 a composite number?
False
Is 62161 prime?
False
Is 1163 a prime number?
True
Is 242971 composite?
False
Is 624419 a composite number?
False
Is 339833 prime?
False
Is 21806 a composite number?
True
Is 1012577 a composite number?
True
Is 6529 prime?
True
Is 189637 a composite number?
True
Is 1757 a prime number?
False
Is 13381 composite?
False
Is 51589 a composite number?
True
Is 26503 a prime number?
False
Is 10639 composite?
False
Is 287461 a prime number?
False
Is 295597 a prime number?
False
Is 86837 composite?
False
Is 1769 prime?
False
Is 1733 prime?
True
Is 3398587 a composite number?
True
Is 2757 a composite number?
True
Is 12811 prime?
False
Is 160337 a prime number?
False
Is 139427 a prime number?
False
Is 49597 composite?
False
Is 37307 composite?
False
Is 663941 prime?
False
Is 276197 a prime number?
False
Is 319367 a composite number?
True
Is 19121 composite?
False
Is 31957 prime?
True
Is 225979 a prime number?
False
Is 439007 a composite number?
False
Is 4271 composite?
False
Is 9577 prime?
False
Is 628909 prime?
True
Is 83701 composite?
False
Is 6155 a prime number?
False
Is 230573 prime?
False
Is 1087 a prime number?
True
Is 17245 a composite number?
True
Is 2911 a composite number?
True
Is 37423 prime?
True
Is 630823 prime?
True
Is 154087 a prime number?
True
Is 145349 composite?
False
Is 102439 a composite number?
True
Is 139471 a composite number?
True
Is 24319 a composite number?
True
Is 15427 a prime number?
True
Is 17203 a prime number?
True
Is 264379 a composite number?
True
Is 347818 composite?
True
Is 30721 a composite number?
True
Is 14377 composite?
True
Is 267413 composite?
False
Is 143873 a composite number?
False
Is 1647179 a composite number?
False
Is 898 a composite number?
True
Is 47017 composite?
False
Is 17609 prime?
True
Is 59 a prime number?
True
Is 225497 composite?
True
Is 88211 composite?
False
Is 545231 a prime number?
True
Is 11719 a composite number?
False
Is 29117 a composite number?
True
Is 4769 prime?
False
Is 1838237 prime?
True
Is 150767 a prime number?
True
Is 92609 composite?
True
Is 6067 a composite number?
False
Is 56887 a prime number?
False
Is 4327 composite?
False
Is 2939 prime?
True
Is 47247 a composite number?
True
Is 8329 prime?
True
Is 106553 prime?
False
Is 579611 prime?
True
Is 7853 a composite number?
False
Is 57979 a prime number?
False
Is 1671 prime?
False
Is 5288807 composite?
False
Is 26309 a composite number?
False
Is 1764745 a composite number?
True
Is 1927 a prime number?
False
Is 6547 composite?
False
Is 5581 composite?
False
Is 24437 composite?
True
Is 585665 a composite number?
True
Is 66779 prime?
False
Is 184991 a prime number?
False
Is 35381 composite?
False
Is 713309 prime?
True
Is 361481 composite?
False
Is 1053319 a prime number?
True
Is 44809 prime?
True
Is 30911 a composite number?
False
Is 122 prime?
False
Is 123203 a composite number?
False
Is 22229 a prime number?
True
Is 2846 a prime number?
False
Is 457111 a composite number?
True
Is 66097 prime?
False
Is 30209 a prime number?
False
Is 120979 prime?
False
Is 655181 a composite number?
False
Is 38102 prime?
False
Is 42799 a prime number?
False
Is 751691 a composite number?
False
Is 130681 a composite number?
False
Is 5219 prime?
False
Is 134347 a composite number?
True
Is 360379 prime?
False
Is 24133 prime?
True
Is 753191 prime?
True
Is 23147 prime?
False
Is 181247 a composite number?
True
Is 94769 a composite number?
True
Is 223361 a prime number?
True
Is 16729 a composite number?
False
Is 136763 prime?
False
Is 53401 prime?
True
Is 38687 prime?
False
Is 18017 composite?
True
Is 48133 composite?
True
Is 347271 a prime number?
False
Is 3007 a composite number?
True
Is 44753 a prime number?
True
Is 311089 a prime number?
False
Is 50845 composite?
True
Is 20393 composite?
False
Is 72793 prime?
False
Is 19861 a prime number?
True
Is 818 prime?
False
Is 8244131 prime?
False
Is 6389 prime?
True
Is 689079 composite?
True
Is 285823 a prime number?
True
Is 25561 prime?
True
Is 396365 a prime number?
False
Is 340493 prime?
False
Is 35419 a prime number?
True
Is 41359 a composite number?
True
Is 81181 composite?
False
Is 134153 composite?
False
Is 1901 prime?
True
Is 14513 prime?
False
Is 447653 a prime number?
False
Is 38113 prime?
True
Is 11114 a prime number?
False
Is 7499 a composite number?
False
Is 407119 a prime number?
True
Is 308537 a prime number?
True
Is 5513 a prime number?
False
Is 1954 composite?
True
Is 57059 prime?
True
Is 12791 a composite number?
False
Is 77023 a composite number?
False
Is 36523 composite?
False
Is 1172749 composite?
False
Is 3337 prime?
False
Is 10939 composite?
False
Is 78985 a prime number?
False
Is 22529 prime?
False
Is 1314767 prime?
True
Is 2787 a composite number?
True
Is 23713 a prime number?
False
Is 13309 a prime number?
True
Is 1047743 prime?
False
Is 2899 a composite number?
True
Is 16301 prime?
True
Is 17071 a composite number?
True
Is 749369 a prime number?
False
Is 92793 prime?
False
Is 4304959 a prime number?
False
Is 133451 a prime number?
True
Is 1147 a composite number?
True
Is 4049 a composite number?
False
Is 43705 a composite number?
True
Is 65153 composite?
True
Is 13847 a prime number?
False
Is 1139 prime?
False
Is 17431 a prime number?
True
Is 2022443 a composite number?
True
Is 154601 prime?
False
Is 11053 composite?
True
Is 246151 a composite number?
False
Is 91283 a composite number?
False
Is 266483 prime?
False
Is 170593 a prime number?
False
Is 100699 prime?
True
Is 2469979 a prime number?
True
Is 257057 a prime number?
False
Is 176927 prime?
True
Is 23249 a composite number?
True
Is 32297 a prime number?
True
Is 56051 prime?
False
Is 59258 prime?
False
Is 6823 prime?
True
Is 5637 a prime number?
False
Is 117103 a prime number?
False
Is 36551 composite?
False
Is 3274 composite?
True
Is 102437 composite?
False
Is 166541 prime?
True
Is 25087 a prime number?
True
Is 53777 composite?
False
Is 179 prime?
True
Is 104153 a prime number?
False
Is 46049 prime?
True
Is 10903 a composite number?
False
Is 52621 a prime number?
False
Is 12603 a prime number?
False
Is 883011 composite?
True
Is 157691 a composite number?
True
Is 51593 composite?
False
Is 5261 a composite number?
False
Is 302119 composite?
True
Is 79271 a composite number?
True
Is 7039 a composite number?
False
Is 191266 a prime number?
False
Is 9997 a composite number?
True
Is 12701 a prime number?
False
Is 46823 prime?
False
Is 133169 a prime number?
True
Is 15563 prime?
False
Is 231589 a composite number?
False
Is 184879 a composite number?
False
Is 18263 a prime number?
False
Is 360421 a prime number?
True
Is 85673 a composite number?
True
Is 24071 a composite number?
False
Is 468239 composite?
False
Is 1657 a prime number?
True
Is 162251 composite?
False
Is 821 a composite number?
False
Is 78877 a composite number?
False
Is 69478 prime?
False
Is 10555 prime?
False
Is 439601 a composite number?
False
Is 12058 prime?
False
Is 389269 a prime number?
True
Is 681157 composite?
True
Is 405857 a prime number?
True
Is 39799 composite?
False
Is 64271 prime?
True
Is 17231 prime?
True
Is 16301 composite?
False
Is 504631 prime?
True
Is 30449 a prime number?
True
Is 13271 a composite number?
True
Is 161 a composite number?
True
Is 399071 prime?
True
Is 27037 composite?
True
Is 15217 a composite number?
False
Is 805997 prime?
False
Is 66719 prime?
False
Is 9743 prime?
True
Is 19121 a prime number?
True
Is 132199 a prime number?
True
Is 2933 composite?
True
Is 259265 composite?
True
Is 513977 a composite number?
False
Is 170279 composite?
False
Is 2321 a prime number?
False
Is 15937 a prime number?
True
Is 8572621 a composite number?
False
Is 359503 a prime number?
False
Is 596419 a composite number?
False
Is 13985 prime?
False
Is 5147 prime?
True
Is 2293 prime?
True
Is 253 prime?
False
Is 815809 prime?
True
Is 99949 prime?
False
Is 399053 a prime number?
False
Is 687301 a prime number?
False
Is 313471 a composite number?
False
Is 70197 prime?
False
Is 227114 a composite number?
True
Is 14095 a composi